of (50 - t) + -1 + 0?
41
What are the prime factors of (2 - (-2 - 0))/((-28)/(-210))?
2, 3, 5
Suppose 0 = -p - p - 4*j + 16, -p - 13 = -5*j. What are the prime factors of 3/p*3/18*776?
2, 97
Suppose -6668 + 38 = -10*x. List the prime factors of x.
3, 13, 17
Let m = 26 + -21. Suppose 5*u - 7 = i + 12, m*u - 16 = 4*i. Suppose 4 = 3*x - y + i, -6 = -2*y. What are the prime factors of x?
2
List the prime factors of (312/(-10) + (-42)/21)*-30.
2, 3, 83
Let m(b) = 13*b - 6. Let x be m(2). Let s = 25 + x. What are the prime factors of s?
3, 5
Let z = 534 + -25. What are the prime factors of z?
509
Let m(r) = 2*r**3 - 2*r**2 + 2*r. Let i be m(1). Suppose i*k = -s + 3, 4*s + s = 3*k - 37. Suppose -2*y + y + k*l + 7 = 0, -5 = -l. List the prime factors of y.
3
Suppose 0 = 2*w - 4*t + 14, 5 - 11 = 3*w - 3*t. Suppose -4*b + 5*q + 278 = 0, w*b - 2*b + q = 74. List the prime factors of b.
2, 3
What are the prime factors of (-14 - 4)/3 + 4722/6?
11, 71
Let i = 789 - 271. List the prime factors of i.
2, 7, 37
Let q be (-2 - -2)/3 - (12 - 6). Let h(s) = 1. Let t(j) = 8*j - 1. Let w(k) = -4*h(k) - t(k). List the prime factors of w(q).
3, 5
Suppose 2*v + 0*v - 8 = 0. Suppose h - 60 = -5*a - 2*h, 2*h = v*a - 70. List the prime factors of a.
3, 5
Let l be (-2)/(-6)*0 + 4. Suppose l*y + 0*y - 276 = 0. What are the prime factors of y?
3, 23
Let a(k) = k + 10. Let s be a(-7). Suppose s*t - 182 = -2*h, 28 - 124 = -h + t. What are the prime factors of h?
2, 47
Let d = 28 + -71. Let t = d + 94. List the prime factors of t.
3, 17
Let a(w) = 13*w**3 + 3*w**2 - 13*w + 4. List the prime factors of a(5).
11, 149
Suppose 0 = 3*o - 4*w - 2389, 11*o + 5*w = 6*o + 4040. List the prime factors of o.
11, 73
Let o be (9 + -21)*(-30)/8. Let p = o - 5. Let a = p + -20. What are the prime factors of a?
2, 5
Let a = 15 - 7. Let y = a - 4. Let u(c) = c**3 - 3*c**2 + 2*c - 6. What are the prime factors of u(y)?
2, 3
Suppose 5*k = k + 144. List the prime factors of 1490/18 + 8/k.
83
Let s be 18/(-8) + 1/4. Let h = s + 7. Suppose 5*j - 2*x = 142, -2*j - h*x = 2*j - 107. List the prime factors of j.
2, 7
Let f(z) = 5*z. Let r be f(0). Suppose l - 4 = 0, 5*x - 5*l + 71 - 216 = r. List the prime factors of x.
3, 11
Let t = -732 + 744. What are the prime factors of t?
2, 3
Let i(k) be the first derivative of k**2/2 - 11*k + 7. Let n be i(12). Suppose -2*f - n + 5 = 0. List the prime factors of f.
2
Let d = 22 + -24. What are the prime factors of ((-3)/6)/(d/372)?
3, 31
Suppose 3*x + 198 = 2*o, 5*x = -0*x + 20. Suppose 423 = 6*r - o. List the prime factors of r.
2, 11
Let q(b) = 3*b + 3. Let a = 8 - 10. Let s be 48/(-30)*5/a. List the prime factors of q(s).
3, 5
Suppose -5*j - 2925 = -4*h, -3*h + 3*j + 2044 = -146. What are the prime factors of h?
5, 29
Let d = 741 + -206. What are the prime factors of d?
5, 107
Let d(z) be the second derivative of 2*z**2 - 1/12*z**4 + 6*z + 0 - 8/3*z**3. List the prime factors of d(-13).
43
Suppose -6 = 2*p - 4*p. Suppose -p*r + s = 41, -2*s - 58 = 4*r - 0*r. List the prime factors of (-76)/r - 15/35.
5
Suppose 4*a = -3 - 1. Let s be (a/(-3))/((-10)/(-30)). Let d = 1 + s. List the prime factors of d.
2
Suppose 2*n + 3*j - 8 = -j, j = -4*n + 9. Suppose 11 = n*k - 9. List the prime factors of k.
2, 5
Let p(r) = -4 + 2*r - 3*r + 2*r. Let x be p(8). What are the prime factors of x/(-10) - (-68)/20?
3
Let w be (3 - 0) + 101 + 1. Let b = w + -50. What are the prime factors of b?
5, 11
Let d(w) = -w**3 - 7*w**2 - 6*w + 3. Let r be d(-6). Suppose -5*x = -r - 22. Suppose -x*k + 145 = -0*k. List the prime factors of k.
29
What are the prime factors of (-144228)/(-168) - 3/2?
857
Let v be 7*1 - (0 + -6)/(-2). Suppose -4*b + 161 + 175 = 0. Suppose b = v*x - 2*r + 30, 4*x = 4*r + 52. What are the prime factors of x?
2, 7
Suppose 0*f - 60 = 3*f + 5*w, -39 = 2*f + 3*w. List the prime factors of (32/40)/((-3)/f).
2
Let y = -196 + 67. Let a = -61 - y. What are the prime factors of a?
2, 17
Suppose -5*h = f - 8, 0*f - 3*f = h - 10. Suppose -315 = -6*b + b + f*v, v = 2*b - 125. Let r = 103 - b. List the prime factors of r.
43
List the prime factors of 30012/12 + 3 + 3 + -1.
2, 7, 179
Suppose x - 6 = -4*p, -2*p - 4 = 5*x + p. List the prime factors of (x - -99) + (-1)/1.
2, 3
Let z(n) = -7*n**3 + 3*n**2 - n - 10. Let p(y) = 20*y**3 - 9*y**2 + 3*y + 30. Let l(r) = -6*p(r) - 17*z(r). List the prime factors of l(-5).
3, 5, 13
Let f = -1310 - -1880. List the prime factors of f.
2, 3, 5, 19
List the prime factors of 3*88/6*11.
2, 11
Let m = 29 - 41. Let w be (-23)/(-3) + m/18. Suppose 3*q - 27 - w = -2*b, 5*b = 3*q - 41. List the prime factors of q.
2, 3
Suppose 2*h = -3*m + 84 - 28, 6 = 3*m. Suppose 5*l + 5*x + 15 + h = 0, 0 = l - 3*x + 16. Let j = l + 17. List the prime factors of j.
7
Let q = -30 - -46. Suppose w + q = 2*w. List the prime factors of -4 + w + (3 - 0).
3, 5
List the prime factors of 10*(3 - (-200)/16).
5, 31
Suppose -j + 3*j = 802. Suppose x = r + 199, -j = x - 3*x + r. What are the prime factors of x?
2, 101
Suppose 16*q + 752 = 8*q. Let x = 38 - q. What are the prime factors of x?
2, 3, 11
Suppose 0 = a - 4*x + 4, -5*x - 6 + 26 = -5*a. List the prime factors of 73 + (24/a - -3).
2, 5, 7
Suppose 0 = 31*g - 18748 - 4533. List the prime factors of g.
751
List the prime factors of ((-41973)/(-153))/(4/(-6) + 1).
823
Let y be (18 + -3)*(-4)/(-12). Suppose -4*g - 2*d = -0*d - 20, -2*g = y*d - 10. What are the prime factors of g?
5
Let d(s) = s + 19. Let p be d(-7). Let r(m) = m**3 - 2*m - 6*m**2 + 2 - p*m + 2*m**2. List the prime factors of r(7).
3, 17
Let y(m) = 61 - 3*m + 16 - 36. What are the prime factors of y(0)?
41
Suppose 0 = -5*a - 10 + 35. Suppose 0 = 2*v - 10, k - a*v + 13 = -3*v. Let q(c) = -10*c - 4. What are the prime factors of q(k)?
2, 13
List the prime factors of (-1278)/108*8*(-66)/2.
2, 11, 71
Suppose 3*i + 3*f - 3714 = 0, -3*i - 192 = -3*f - 3876. List the prime factors of i.
3, 137
Let h(q) = 2*q**2 + 10*q + 6. Let r be h(-6). Suppose -a + 178 = 2*a - 2*c, 3*c - 3 = 0. What are the prime factors of r/2*a/36?
3, 5
Let o = 19 + -3. Suppose o = -s + 217. What are the prime factors of s?
3, 67
Let z = -49 + 61. What are the prime factors of (-7)/(-28) - 3/z*-19?
5
Suppose 0 = -4*f + 3*f + 11. Suppose 6*w + 755 = f*w. List the prime factors of w.
151
Suppose -975*o + 19992 = -958*o. What are the prime factors of o?
2, 3, 7
Let w = -71 + -43. Let u = -54 - w. Suppose -6*h + u = -h. What are the prime factors of h?
2, 3
Let j be ((-6)/1)/1 - -4. Let o = j + 16. What are the prime factors of o?
2, 7
Suppose 3*k - 2823 - 3264 = 0. List the prime factors of k.
2029
Let d(a) be the third derivative of a**5/60 + 5*a**4/12 + 2*a**3/3 + 5*a**2. Let w be d(-10). List the prime factors of (w - 0)*6/12.
2
Let m(o) = -3*o**2 + o - 6. Suppose n - 9 = 4*n. Let i be m(n). What are the prime factors of i*(-3)/(-12)*-2?
2, 3
Suppose -2*a = -0*a + 2*k - 4, a - 5*k = -22. Suppose -28 = -5*f + 2. What are the prime factors of f*(a - (-123)/18)?
29
Suppose -4*f + 8 = 4*b, -4*f - 5 = b - 13. Suppose b = 2*c + 4*r - 228, -6*c + 105 = -5*c - r. List the prime factors of c.
2, 3
Let r(n) = 2*n**2 - 7*n + 1. Let t be r(5). Suppose -t*m = -13*m + 9. What are the prime factors of (m - (-21)/9)*-6?
2
Let k = 2 - 0. Suppose -k*m - 5*n = -126, 7 = m - 3*n - 34. List the prime factors of m.
53
Let v = 4974 - 3481. List the prime factors of v.
1493
Let o = 30 + -26. Suppose 4*r - 328 = o*i, 5*i - 230 = -4*r + r. What are the prime factors of r?
2, 5
Suppose 4703 = 4*v - y - 0*y, -v + 1174 = -2*y. List the prime factors of v/10 - 18/30.
3, 13
List the prime factors of 26710/40 - 3/(-12).
2, 167
Suppose 2*p - 6*p - i = 20, 28 = -4*p + i. What are the prime factors of ((-1644)/16)/(p*1/16)?
2, 137
Let m = 720 + -76. What are the prime factors of m?
2, 7, 23
Let o = 80 + 3. Suppose g = 2 - o. Let v = -35 - g. What are the prime factors of v?
2, 23
Let o = 811 + -214. What are the prime factors of o?
3, 199
What are the prime factors of -3 + (-3 - -3) + 38*7?
263
Let h(a) = a**3 - 7*a**2 - 5*a + 12. List the prime factors of h(9).
3, 43
Suppose 0 = 25*y - 27*y + 3834. What are the prime factors of y?
3, 71
Let g(q) be the second derivative of q**4 + q**3/6 + 19*q**2/2 + 13*q. What are the 